{"id":830,"date":"2021-07-10T11:43:24","date_gmt":"2021-07-10T09:43:24","guid":{"rendered":"http:\/\/www.kio123.vf-web.fr\/?post_type=product&#038;p=830"},"modified":"2021-07-10T11:43:24","modified_gmt":"2021-07-10T09:43:24","slug":"bandeaux-de-soin","status":"publish","type":"product","link":"https:\/\/www.laiguilledesha.com\/index.php\/produit\/bandeaux-de-soin\/","title":{"rendered":"Bandeaux de soin"},"content":{"rendered":"<p>Ce bandeau de soin est id\u00e9al pour \u00e9viter d&#8217;avoir des petits cheveux sur le visage ou pour \u00e9viter de les mouiller lors de soin\/lavage du visage, lorsque l&#8217;on se maquille\/d\u00e9maquille mais \u00e9galement pour \u00e9viter les coulures pendant la pose de masque capillaire ou henn\u00e9<\/p>\n","protected":false},"excerpt":{"rendered":"<p>Fermeture r\u00e9glable \u00e0 l&#8217;aide d&#8217;un scratch pour \u00eatre serr\u00e9 \u00e0 son go\u00fbt<\/p>\n","protected":false},"featured_media":831,"comment_status":"open","ping_status":"closed","template":"","meta":[],"product_cat":[23],"product_tag":[],"_links":{"self":[{"href":"https:\/\/www.laiguilledesha.com\/index.php\/wp-json\/wp\/v2\/product\/830"}],"collection":[{"href":"https:\/\/www.laiguilledesha.com\/index.php\/wp-json\/wp\/v2\/product"}],"about":[{"href":"https:\/\/www.laiguilledesha.com\/index.php\/wp-json\/wp\/v2\/types\/product"}],"replies":[{"embeddable":true,"href":"https:\/\/www.laiguilledesha.com\/index.php\/wp-json\/wp\/v2\/comments?post=830"}],"wp:featuredmedia":[{"embeddable":true,"href":"https:\/\/www.laiguilledesha.com\/index.php\/wp-json\/wp\/v2\/media\/831"}],"wp:attachment":[{"href":"https:\/\/www.laiguilledesha.com\/index.php\/wp-json\/wp\/v2\/media?parent=830"}],"wp:term":[{"taxonomy":"product_cat","embeddable":true,"href":"https:\/\/www.laiguilledesha.com\/index.php\/wp-json\/wp\/v2\/product_cat?post=830"},{"taxonomy":"product_tag","embeddable":true,"href":"https:\/\/www.laiguilledesha.com\/index.php\/wp-json\/wp\/v2\/product_tag?post=830"}],"curies":[{"name":"wp","href":"https:\/\/api.w.org\/{rel}","templated":true}]}}