{"id":820,"date":"2021-07-10T11:40:27","date_gmt":"2021-07-10T09:40:27","guid":{"rendered":"http:\/\/www.kio123.vf-web.fr\/?post_type=product&#038;p=820"},"modified":"2021-07-10T11:41:01","modified_gmt":"2021-07-10T09:41:01","slug":"tapis-a-langer-nomade","status":"publish","type":"product","link":"https:\/\/www.laiguilledesha.com\/index.php\/produit\/tapis-a-langer-nomade\/","title":{"rendered":"Tapis \u00e0 langer nomade"},"content":{"rendered":"<div class=\"o9v6fnle cxmmr5t8 oygrvhab hcukyx3x c1et5uql ii04i59q\">\n<div dir=\"auto\">Ce tapis est compos\u00e9 de deux grandes poches pour y glisser quelques couches, le s\u00e9rum et les lingettes.<\/div>\n<div dir=\"auto\">Deux langes interchangeables (maintien \u00e0 scratch) en \u00e9ponge de coton sont vendus avec le tapis pour assurer un roulement de lavage<\/div>\n<div dir=\"auto\"><\/div>\n<\/div>\n<div class=\"o9v6fnle cxmmr5t8 oygrvhab hcukyx3x c1et5uql ii04i59q\">\n<div dir=\"auto\">Moelleux\u00a0gr\u00e2ce \u00e0 une couche de ouate qui se trouve \u00e0 l&#8217;int\u00e9rieur, double couche de ouate au niveau du rabat pour un meilleur confort de la t\u00eate de b\u00e9b\u00e9<\/div>\n<\/div>\n","protected":false},"excerpt":{"rendered":"<p>Id\u00e9al pour changer b\u00e9b\u00e9 lors des d\u00e9placements<\/p>\n<p>Le tapis est \u00e9galement compos\u00e9 d&#8217;une couche imperm\u00e9able pour \u00e9viter toute fu<span class=\"pq6dq46d tbxw36s4 knj5qynh kvgmc6g5 ditlmg2l oygrvhab nvdbi5me sf5mxxl7 gl3lb2sf hhz5lgdu\">ite<\/span><\/p>\n","protected":false},"featured_media":821,"comment_status":"open","ping_status":"closed","template":"","meta":[],"product_cat":[22],"product_tag":[],"_links":{"self":[{"href":"https:\/\/www.laiguilledesha.com\/index.php\/wp-json\/wp\/v2\/product\/820"}],"collection":[{"href":"https:\/\/www.laiguilledesha.com\/index.php\/wp-json\/wp\/v2\/product"}],"about":[{"href":"https:\/\/www.laiguilledesha.com\/index.php\/wp-json\/wp\/v2\/types\/product"}],"replies":[{"embeddable":true,"href":"https:\/\/www.laiguilledesha.com\/index.php\/wp-json\/wp\/v2\/comments?post=820"}],"wp:featuredmedia":[{"embeddable":true,"href":"https:\/\/www.laiguilledesha.com\/index.php\/wp-json\/wp\/v2\/media\/821"}],"wp:attachment":[{"href":"https:\/\/www.laiguilledesha.com\/index.php\/wp-json\/wp\/v2\/media?parent=820"}],"wp:term":[{"taxonomy":"product_cat","embeddable":true,"href":"https:\/\/www.laiguilledesha.com\/index.php\/wp-json\/wp\/v2\/product_cat?post=820"},{"taxonomy":"product_tag","embeddable":true,"href":"https:\/\/www.laiguilledesha.com\/index.php\/wp-json\/wp\/v2\/product_tag?post=820"}],"curies":[{"name":"wp","href":"https:\/\/api.w.org\/{rel}","templated":true}]}}