{"id":769,"date":"2021-07-10T11:19:46","date_gmt":"2021-07-10T09:19:46","guid":{"rendered":"http:\/\/www.kio123.vf-web.fr\/?post_type=product&#038;p=769"},"modified":"2021-07-10T11:19:46","modified_gmt":"2021-07-10T09:19:46","slug":"pochette-a-gouters","status":"publish","type":"product","link":"https:\/\/www.laiguilledesha.com\/index.php\/produit\/pochette-a-gouters\/","title":{"rendered":"Pochette \u00e0 go\u00fbters"},"content":{"rendered":"<p>A glisser dans votre sac ou dans le cartable de vos enfants&#8230;<\/p>\n","protected":false},"excerpt":{"rendered":"<p>Ce sac \u00e0 go\u00fbters imperm\u00e9able sera id\u00e9al pour vos collations \ud83c\udf6b<\/p>\n","protected":false},"featured_media":770,"comment_status":"open","ping_status":"closed","template":"","meta":[],"product_cat":[21],"product_tag":[],"_links":{"self":[{"href":"https:\/\/www.laiguilledesha.com\/index.php\/wp-json\/wp\/v2\/product\/769"}],"collection":[{"href":"https:\/\/www.laiguilledesha.com\/index.php\/wp-json\/wp\/v2\/product"}],"about":[{"href":"https:\/\/www.laiguilledesha.com\/index.php\/wp-json\/wp\/v2\/types\/product"}],"replies":[{"embeddable":true,"href":"https:\/\/www.laiguilledesha.com\/index.php\/wp-json\/wp\/v2\/comments?post=769"}],"wp:featuredmedia":[{"embeddable":true,"href":"https:\/\/www.laiguilledesha.com\/index.php\/wp-json\/wp\/v2\/media\/770"}],"wp:attachment":[{"href":"https:\/\/www.laiguilledesha.com\/index.php\/wp-json\/wp\/v2\/media?parent=769"}],"wp:term":[{"taxonomy":"product_cat","embeddable":true,"href":"https:\/\/www.laiguilledesha.com\/index.php\/wp-json\/wp\/v2\/product_cat?post=769"},{"taxonomy":"product_tag","embeddable":true,"href":"https:\/\/www.laiguilledesha.com\/index.php\/wp-json\/wp\/v2\/product_tag?post=769"}],"curies":[{"name":"wp","href":"https:\/\/api.w.org\/{rel}","templated":true}]}}