{"id":244,"date":"2021-06-18T12:32:38","date_gmt":"2021-06-18T10:32:38","guid":{"rendered":"http:\/\/www.kio123.vf-web.fr\/?page_id=244"},"modified":"2021-06-18T12:33:11","modified_gmt":"2021-06-18T10:33:11","slug":"politique-dexpedition","status":"publish","type":"page","link":"https:\/\/www.laiguilledesha.com\/index.php\/politique-dexpedition\/","title":{"rendered":"Politique d&#8217;expedition"},"content":{"rendered":"\t\t<div data-elementor-type=\"wp-page\" data-elementor-id=\"244\" class=\"elementor elementor-244\" data-elementor-settings=\"[]\">\n\t\t\t\t\t\t\t<div class=\"elementor-section-wrap\">\n\t\t\t\t\t\t\t<section class=\"elementor-section elementor-top-section elementor-element elementor-element-5083c65 elementor-section-boxed elementor-section-height-default elementor-section-height-default\" data-id=\"5083c65\" data-element_type=\"section\">\n\t\t\t\t\t\t<div class=\"elementor-container elementor-column-gap-default\">\n\t\t\t\t\t<div class=\"elementor-column elementor-col-100 elementor-top-column elementor-element elementor-element-548043b\" data-id=\"548043b\" data-element_type=\"column\">\n\t\t\t<div class=\"elementor-widget-wrap elementor-element-populated\">\n\t\t\t\t\t\t\t\t<div class=\"elementor-element elementor-element-2fc1488 elementor-widget elementor-widget-heading\" data-id=\"2fc1488\" data-element_type=\"widget\" data-widget_type=\"heading.default\">\n\t\t\t\t<div class=\"elementor-widget-container\">\n\t\t\t<h1 class=\"elementor-heading-title elementor-size-default\">Politique d'exp\u00e9dition<\/h1>\t\t<\/div>\n\t\t\t\t<\/div>\n\t\t\t\t<div class=\"elementor-element elementor-element-a34ea20 elementor-widget elementor-widget-text-editor\" data-id=\"a34ea20\" data-element_type=\"widget\" data-widget_type=\"text-editor.default\">\n\t\t\t\t<div class=\"elementor-widget-container\">\n\t\t\t\t\t\t\t<div class=\"rte\"><p>&#8212;<\/p><p>La cr\u00e9ation de vos commandes se fait dans un d\u00e9lais de 2 \u00e0 14 jours ouvr\u00e9s.<\/p><p>Les commandes sont livr\u00e9es par La Poste, Chronopost ou Mondial Relay en France m\u00e9tropolitaine et en Union Europ\u00e9enne. L\u2019exp\u00e9dition se fait dans un d\u00e9lai de 2 \u00e0 5 jours\u00a0ouvr\u00e9s \u00e0 compter de la validation de la commande.<\/p><p>Les remises en main propre sont possibles aux alentours de Chambly (60230)<\/p><p>Le produit est livr\u00e9 \u00e0 l\u2019adresse de facturation sauf mention contraire.<\/p><p>L\u2019acheteur\u00a0ne pourra demander de d\u00e9dommagement en cas de retard de livraison par le transporteur. En cas de\u00a0colis endommag\u00e9 ou ouvert, l\u2019acheteur\u00a0devra contacter le\u00a0transporteur dans les 2 jours ouvr\u00e9s. Ces probl\u00e8mes d\u2019acheminement sont \u00e0 r\u00e9soudre en priorit\u00e9 avec le transporteur, L&#8217;aiguille de Sha ne pourra\u00a0\u00eatre tenue responsable.<\/p><p>Les commandes\u00a0voyagent toujours aux risques et p\u00e9rils du destinataire.<\/p><p>En cas d&#8217;adresse incompl\u00e8te ou de mauvaise adresse de livraison fournie par le client, la nouvelle exp\u00e9dition vous sera factur\u00e9e.<\/p><p>&#8212;<\/p><\/div>\t\t\t\t\t\t<\/div>\n\t\t\t\t<\/div>\n\t\t\t\t\t<\/div>\n\t\t<\/div>\n\t\t\t\t\t\t\t<\/div>\n\t\t<\/section>\n\t\t\t\t\t\t<\/div>\n\t\t\t\t\t<\/div>\n\t\t","protected":false},"excerpt":{"rendered":"<p>Politique d&#8217;exp\u00e9dition &#8212; La cr\u00e9ation de vos commandes se fait dans un d\u00e9lais de 2 \u00e0 14 jours ouvr\u00e9s. Les commandes sont livr\u00e9es par La Poste, Chronopost ou Mondial Relay en France m\u00e9tropolitaine et en Union Europ\u00e9enne. L\u2019exp\u00e9dition se fait dans un d\u00e9lai de 2 \u00e0 5 jours\u00a0ouvr\u00e9s \u00e0 compter de la validation de la [&hellip;]<\/p>\n","protected":false},"author":1,"featured_media":0,"parent":0,"menu_order":0,"comment_status":"closed","ping_status":"closed","template":"","meta":[],"_links":{"self":[{"href":"https:\/\/www.laiguilledesha.com\/index.php\/wp-json\/wp\/v2\/pages\/244"}],"collection":[{"href":"https:\/\/www.laiguilledesha.com\/index.php\/wp-json\/wp\/v2\/pages"}],"about":[{"href":"https:\/\/www.laiguilledesha.com\/index.php\/wp-json\/wp\/v2\/types\/page"}],"author":[{"embeddable":true,"href":"https:\/\/www.laiguilledesha.com\/index.php\/wp-json\/wp\/v2\/users\/1"}],"replies":[{"embeddable":true,"href":"https:\/\/www.laiguilledesha.com\/index.php\/wp-json\/wp\/v2\/comments?post=244"}],"version-history":[{"count":4,"href":"https:\/\/www.laiguilledesha.com\/index.php\/wp-json\/wp\/v2\/pages\/244\/revisions"}],"predecessor-version":[{"id":248,"href":"https:\/\/www.laiguilledesha.com\/index.php\/wp-json\/wp\/v2\/pages\/244\/revisions\/248"}],"wp:attachment":[{"href":"https:\/\/www.laiguilledesha.com\/index.php\/wp-json\/wp\/v2\/media?parent=244"}],"curies":[{"name":"wp","href":"https:\/\/api.w.org\/{rel}","templated":true}]}}